[INFO] cloning repository https://github.com/FITOLOPEUNSOIX/wezterm
[INFO] running `Command { std: "git" "-c" "credential.helper=" "-c" "credential.helper=/workspace/cargo-home/bin/git-credential-null" "clone" "--bare" "https://github.com/FITOLOPEUNSOIX/wezterm" "/workspace/cache/git-repos/https%3A%2F%2Fgithub.com%2FFITOLOPEUNSOIX%2Fwezterm", kill_on_drop: false }`
[INFO] [stderr] Cloning into bare repository '/workspace/cache/git-repos/https%3A%2F%2Fgithub.com%2FFITOLOPEUNSOIX%2Fwezterm'...
[INFO] running `Command { std: "git" "rev-parse" "HEAD", kill_on_drop: false }`
[INFO] [stdout] f09d747f1486070b12ffcfb9f0ab721a7b1649d9
[INFO] checking FITOLOPEUNSOIX/wezterm against master#9610dfe5a9a731ced1ea4923ecbd0c57fe367898 for beta-170-4
[INFO] running `Command { std: "git" "clone" "/workspace/cache/git-repos/https%3A%2F%2Fgithub.com%2FFITOLOPEUNSOIX%2Fwezterm" "/workspace/builds/worker-4-tc1/source", kill_on_drop: false }`
[INFO] [stderr] Cloning into '/workspace/builds/worker-4-tc1/source'...
[INFO] [stderr] done.
[INFO] validating manifest of git repo https://github.com/FITOLOPEUNSOIX/wezterm on toolchain 9610dfe5a9a731ced1ea4923ecbd0c57fe367898
[INFO] running `Command { std: CARGO_HOME="/workspace/cargo-home" RUSTUP_HOME="/workspace/rustup-home" "/workspace/cargo-home/bin/cargo" "+9610dfe5a9a731ced1ea4923ecbd0c57fe367898" "metadata" "--manifest-path" "Cargo.toml" "--no-deps", kill_on_drop: false }`
[INFO] removed /workspace/builds/worker-4-tc1/source/.cargo/config
[INFO] started tweaking git repo https://github.com/FITOLOPEUNSOIX/wezterm
[INFO] finished tweaking git repo https://github.com/FITOLOPEUNSOIX/wezterm
[INFO] tweaked toml for git repo https://github.com/FITOLOPEUNSOIX/wezterm written to /workspace/builds/worker-4-tc1/source/Cargo.toml
[INFO] crate git repo https://github.com/FITOLOPEUNSOIX/wezterm already has a lockfile, it will not be regenerated
[INFO] running `Command { std: CARGO_HOME="/workspace/cargo-home" RUSTUP_HOME="/workspace/rustup-home" "/workspace/cargo-home/bin/cargo" "+9610dfe5a9a731ced1ea4923ecbd0c57fe367898" "fetch" "--manifest-path" "Cargo.toml", kill_on_drop: false }`
[INFO] [stderr]     Updating git repository `https://github.com/wez/ssh2-rs.git`
[INFO] [stderr]     Updating git submodule `https://github.com/libssh2/libssh2`
[INFO] [stderr]     Updating crates.io index
[INFO] [stderr]     Updating git repository `https://github.com/yeslogic/allsorts.git`
[INFO] [stderr]     Updating git repository `https://github.com/glium/glium.git`
[INFO] [stderr]     Updating git repository `https://github.com/wez/xkbcommon-rs.git`
[INFO] [stderr]  Downloading crates ...
[INFO] [stderr]   Downloaded ordered-float v2.7.0
[INFO] [stderr]   Downloaded smol v1.2.5
[INFO] [stderr]   Downloaded async-fs v1.5.0
[INFO] [stderr]   Downloaded async-net v1.6.1
[INFO] [stderr]   Downloaded rcgen v0.8.13
[INFO] [stderr]   Downloaded siphasher v0.3.6
[INFO] [stderr]   Downloaded shell-words v1.0.0
[INFO] [stderr]   Downloaded yasna v0.4.0
[INFO] [stderr]   Downloaded evmap v6.0.1
[INFO] [stderr]   Downloaded nonzero_ext v0.1.5
[INFO] [stderr]   Downloaded zstd v0.6.1+zstd.1.4.9
[INFO] [stderr]   Downloaded zstd-safe v3.0.1+zstd.1.4.9
[INFO] [stderr]   Downloaded colorgrad v0.4.0
[INFO] [stderr]   Downloaded xcb-util v0.3.0
[INFO] [stderr]   Downloaded naga v0.5.0
[INFO] [stderr]   Downloaded gfx-backend-dx11 v0.9.0
[INFO] [stderr]   Downloaded gfx-backend-vulkan v0.9.0
[INFO] [stderr]   Downloaded smithay-client-toolkit v0.14.0
[INFO] [stderr]   Downloaded vswhom-sys v0.1.0
[INFO] [stderr]   Downloaded winreg v0.9.0
[INFO] [stderr]   Downloaded http_req v0.8.1
[INFO] [stderr]   Downloaded embed-resource v1.6.3
[INFO] [stderr]   Downloaded rgb v0.8.27
[INFO] [stderr]   Downloaded glyph-names v0.1.0
[INFO] [stderr]   Downloaded wgpu-core v0.9.2
[INFO] [stderr]   Downloaded uom v0.30.0
[INFO] [stderr]   Downloaded wgpu v0.9.0
[INFO] [stderr]   Downloaded benchmarking v0.4.10
[INFO] [stderr]   Downloaded ash v0.32.1
[INFO] [stderr]   Downloaded unicode-joining-type v0.3.1
[INFO] [stderr]   Downloaded bstr v0.1.4
[INFO] [stderr]   Downloaded resize v0.5.5
[INFO] [stderr]   Downloaded unicode-general-category v0.1.0
[INFO] [stderr]   Downloaded lua-src v543.0.0
[INFO] [stderr]   Downloaded xcb-imdkit v0.1.1
[INFO] [stderr]   Downloaded uds_windows v0.1.6
[INFO] [stderr]   Downloaded luajit-src v210.2.0+resty5f13855
[INFO] [stderr]   Downloaded hdrhistogram v7.3.0
[INFO] [stderr]   Downloaded gfx-backend-empty v0.9.0
[INFO] [stderr]   Downloaded battery v0.7.8
[INFO] [stderr]   Downloaded zstd-sys v1.4.20+zstd.1.4.9
[INFO] [stderr]   Downloaded unicode-general-category v0.3.0
[INFO] [stderr]   Downloaded open v2.0.1
[INFO] [stderr]   Downloaded windows_macros v0.11.0
[INFO] [stderr]   Downloaded windows v0.11.0
[INFO] [stderr]   Downloaded storage-map v0.3.0
[INFO] [stderr]   Downloaded enum-display-derive v0.1.1
[INFO] [stderr]   Downloaded png v0.17.0
[INFO] [stderr]   Downloaded tiny-skia v0.6.0
[INFO] [stderr]   Downloaded gfx-auxil v0.10.0
[INFO] [stderr]   Downloaded gfx-backend-dx12 v0.9.1
[INFO] [stderr]   Downloaded glow v0.9.0
[INFO] [stderr]   Downloaded zvariant_derive v2.8.0
[INFO] [stderr]   Downloaded line_drawing v0.8.1
[INFO] [stderr]   Downloaded minimal-lexical v0.1.2
[INFO] [stderr]   Downloaded windows_gen v0.11.0
[INFO] [stderr]   Downloaded openssl-src v111.15.0+1.1.1k
[INFO] [stderr]   Downloaded bitreader v0.3.4
[INFO] [stderr]   Downloaded zvariant v2.8.0
[INFO] [stderr]   Downloaded object v0.26.1
[INFO] [stderr]   Downloaded thunderdome v0.4.1
[INFO] [stderr]   Downloaded gpu-descriptor v0.1.1
[INFO] [stderr]   Downloaded mlua v0.5.4
[INFO] [stderr]   Downloaded slotmap v0.4.2
[INFO] [stderr]   Downloaded serde_derive v1.0.128
[INFO] [stderr]   Downloaded serde v1.0.128
[INFO] [stderr]   Downloaded gfx-backend-gl v0.9.0
[INFO] [stderr]   Downloaded gfx-backend-metal v0.9.1
[INFO] [stderr]   Downloaded gfx-renderdoc v0.1.0
[INFO] [stderr]   Downloaded drm-fourcc v2.1.1
[INFO] [stderr]   Downloaded external-memory v0.0.1
[INFO] [stderr]   Downloaded gfx-hal v0.9.0
[INFO] [stderr]   Downloaded gpu-alloc v0.4.7
[INFO] [stderr]   Downloaded rose_tree v0.2.0
[INFO] [stderr]   Downloaded spirv_headers v1.5.0
[INFO] [stderr]   Downloaded wgpu-types v0.9.0
[INFO] [stderr]   Downloaded cocoa v0.20.2
[INFO] [stderr]   Downloaded metrics-macros v0.4.0
[INFO] [stderr]   Downloaded metrics v0.17.0
[INFO] [stderr]   Downloaded csscolorparser v0.4.0
[INFO] [stderr]   Downloaded sysinfo v0.16.5
[INFO] [stderr]   Downloaded ratelimit_meter v5.0.0
[INFO] [stderr]   Downloaded flume v0.10.8
[INFO] [stderr]   Downloaded varbincode v0.1.0
[INFO] [stderr]   Downloaded filenamegen v0.2.4
[INFO] [stderr]   Downloaded k9 v0.11.0
[INFO] running `Command { std: "docker" "create" "-v" "/var/lib/crater-agent-workspace/builds/worker-4-tc1/target:/opt/rustwide/target:rw,Z" "-v" "/var/lib/crater-agent-workspace/builds/worker-4-tc1/source:/opt/rustwide/workdir:ro,Z" "-v" "/var/lib/crater-agent-workspace/cargo-home:/opt/rustwide/cargo-home:ro,Z" "-v" "/var/lib/crater-agent-workspace/rustup-home:/opt/rustwide/rustup-home:ro,Z" "-e" "SOURCE_DIR=/opt/rustwide/workdir" "-e" "CARGO_TARGET_DIR=/opt/rustwide/target" "-e" "CARGO_HOME=/opt/rustwide/cargo-home" "-e" "RUSTUP_HOME=/opt/rustwide/rustup-home" "-w" "/opt/rustwide/workdir" "-m" "1610612736" "--user" "0:0" "--network" "none" "ghcr.io/rust-lang/crates-build-env/linux@sha256:19e73879b68f455e41552ea35293514db52ea292d993f571636dbffedb77a1ee" "/opt/rustwide/cargo-home/bin/cargo" "+9610dfe5a9a731ced1ea4923ecbd0c57fe367898" "metadata" "--no-deps" "--format-version=1", kill_on_drop: false }`
[INFO] [stdout] ece7839229fd124ca8d2838e7266962fce84293b37ae0dc05483edd215fe65d2
[INFO] running `Command { std: "docker" "start" "-a" "ece7839229fd124ca8d2838e7266962fce84293b37ae0dc05483edd215fe65d2", kill_on_drop: false }`
[INFO] running `Command { std: "docker" "inspect" "ece7839229fd124ca8d2838e7266962fce84293b37ae0dc05483edd215fe65d2", kill_on_drop: false }`
[INFO] running `Command { std: "docker" "rm" "-f" "ece7839229fd124ca8d2838e7266962fce84293b37ae0dc05483edd215fe65d2", kill_on_drop: false }`
[INFO] [stdout] ece7839229fd124ca8d2838e7266962fce84293b37ae0dc05483edd215fe65d2
[INFO] running `Command { std: "docker" "create" "-v" "/var/lib/crater-agent-workspace/builds/worker-4-tc1/target:/opt/rustwide/target:rw,Z" "-v" "/var/lib/crater-agent-workspace/builds/worker-4-tc1/source:/opt/rustwide/workdir:ro,Z" "-v" "/var/lib/crater-agent-workspace/cargo-home:/opt/rustwide/cargo-home:ro,Z" "-v" "/var/lib/crater-agent-workspace/rustup-home:/opt/rustwide/rustup-home:ro,Z" "-e" "SOURCE_DIR=/opt/rustwide/workdir" "-e" "CARGO_TARGET_DIR=/opt/rustwide/target" "-e" "CARGO_INCREMENTAL=0" "-e" "RUST_BACKTRACE=full" "-e" "RUSTFLAGS=--cap-lints=forbid" "-e" "RUSTDOCFLAGS=--cap-lints=forbid" "-e" "CARGO_HOME=/opt/rustwide/cargo-home" "-e" "RUSTUP_HOME=/opt/rustwide/rustup-home" "-w" "/opt/rustwide/workdir" "-m" "1610612736" "--user" "0:0" "--network" "none" "ghcr.io/rust-lang/crates-build-env/linux@sha256:19e73879b68f455e41552ea35293514db52ea292d993f571636dbffedb77a1ee" "/opt/rustwide/cargo-home/bin/cargo" "+9610dfe5a9a731ced1ea4923ecbd0c57fe367898" "check" "--frozen" "--all" "--all-targets" "--message-format=json", kill_on_drop: false }`
[INFO] [stdout] 71ea6e4ae3665ca775ca7b8ed1f97bb6912a221518d012fa6bdeec68c4d07c4c
[INFO] running `Command { std: "docker" "start" "-a" "71ea6e4ae3665ca775ca7b8ed1f97bb6912a221518d012fa6bdeec68c4d07c4c", kill_on_drop: false }`
[INFO] [stderr]    Compiling libc v0.2.100
[INFO] [stderr]    Compiling proc-macro2 v1.0.28
[INFO] [stderr]    Compiling unicode-xid v0.2.2
[INFO] [stderr]    Compiling autocfg v1.0.1
[INFO] [stderr]     Checking cfg-if v1.0.0
[INFO] [stderr]    Compiling syn v1.0.75
[INFO] [stderr]    Compiling version_check v0.9.3
[INFO] [stderr]     Checking bitflags v1.3.2
[INFO] [stderr]    Compiling memchr v2.4.1
[INFO] [stderr]    Compiling log v0.4.14
[INFO] [stderr]    Compiling pkg-config v0.3.19
[INFO] [stderr]     Checking lazy_static v1.4.0
[INFO] [stderr]     Checking once_cell v1.8.0
[INFO] [stderr]    Compiling serde_derive v1.0.128
[INFO] [stderr]     Checking scopeguard v1.1.0
[INFO] [stderr]    Compiling serde v1.0.128
[INFO] [stderr]    Compiling proc-macro-hack v0.5.19
[INFO] [stderr]     Checking byteorder v1.4.3
[INFO] [stderr]    Compiling getrandom v0.1.16
[INFO] [stderr]    Compiling crossbeam-utils v0.8.5
[INFO] [stderr]    Compiling anyhow v1.0.43
[INFO] [stderr]    Compiling futures-core v0.3.16
[INFO] [stderr]     Checking unicode-width v0.1.8
[INFO] [stderr]    Compiling value-bag v1.0.0-alpha.7
[INFO] [stderr]    Compiling ppv-lite86 v0.2.10
[INFO] [stderr]     Checking cfg-if v0.1.10
[INFO] [stderr]    Compiling siphasher v0.3.6
[INFO] [stderr]    Compiling crossbeam-epoch v0.9.5
[INFO] [stderr]     Checking adler v1.0.2
[INFO] [stderr]    Compiling num-traits v0.2.14
[INFO] [stderr]    Compiling memoffset v0.6.4
[INFO] [stderr]    Compiling num-integer v0.1.44
[INFO] [stderr]    Compiling phf_shared v0.8.0
[INFO] [stderr]    Compiling miniz_oxide v0.4.4
[INFO] [stderr]     Checking regex-syntax v0.6.25
[INFO] [stderr]     Checking futures-io v0.3.16
[INFO] [stderr]     Checking slab v0.4.4
[INFO] [stderr]     Checking pin-project-lite v0.2.7
[INFO] [stderr]    Compiling crc32fast v1.2.1
[INFO] [stderr]     Checking crossbeam-channel v0.5.1
[INFO] [stderr]    Compiling typenum v1.13.0
[INFO] [stderr]    Compiling rayon-core v1.9.1
[INFO] [stderr]    Compiling num-bigint v0.3.2
[INFO] [stderr]     Checking adler32 v1.2.0
[INFO] [stderr]     Checking either v1.6.1
[INFO] [stderr]     Checking aho-corasick v0.7.18
[INFO] [stderr]    Compiling quote v1.0.9
[INFO] [stderr]    Compiling num-rational v0.3.2
[INFO] [stderr]    Compiling num-iter v0.1.42
[INFO] [stderr]     Checking crossbeam-deque v0.8.1
[INFO] [stderr]    Compiling jobserver v0.1.24
[INFO] [stderr]    Compiling rayon v1.5.1
[INFO] [stderr]    Compiling generic-array v0.14.4
[INFO] [stderr]     Checking ucd-trie v0.1.3
[INFO] [stderr]    Compiling cc v1.0.69
[INFO] [stderr]    Compiling rand_core v0.5.1
[INFO] [stderr]     Checking bytemuck v1.7.2
[INFO] [stderr]     Checking pest v2.1.3
[INFO] [stderr]     Checking base64 v0.13.0
[INFO] [stderr]     Checking cache-padded v1.1.1
[INFO] [stderr]    Compiling nom v5.1.2
[INFO] [stderr]    Compiling rand_pcg v0.2.1
[INFO] [stderr]    Compiling rand_chacha v0.2.2
[INFO] [stderr]     Checking concurrent-queue v1.2.2
[INFO] [stderr]     Checking fastrand v1.5.0
[INFO] [stderr]     Checking waker-fn v1.1.0
[INFO] [stderr]     Checking smallvec v1.6.1
[INFO] [stderr]     Checking weezl v0.1.5
[INFO] [stderr]     Checking parking v2.0.0
[INFO] [stderr]     Checking num_cpus v1.13.0
[INFO] [stderr]     Checking signal-hook-registry v1.4.0
[INFO] [stderr]     Checking dirs-sys v0.3.6
[INFO] [stderr]     Checking getrandom v0.2.3
[INFO] [stderr]     Checking miniz_oxide v0.3.7
[INFO] [stderr]    Compiling rand v0.7.3
[INFO] [stderr]     Checking futures-lite v1.12.0
[INFO] [stderr]     Checking deflate v0.8.6
[INFO] [stderr]     Checking color_quant v1.1.0
[INFO] [stderr]     Checking fnv v1.0.7
[INFO] [stderr]     Checking utf8parse v0.2.0
[INFO] [stderr]     Checking dirs v2.0.2
[INFO] [stderr]     Checking gif v0.11.2
[INFO] [stderr]     Checking opaque-debug v0.3.0
[INFO] [stderr]     Checking scoped_threadpool v0.1.9
[INFO] [stderr]     Checking cpufeatures v0.1.5
[INFO] [stderr]     Checking vtparse v0.5.0 (/opt/rustwide/workdir/vtparse)
[INFO] [stderr]     Checking signal-hook v0.1.17
[INFO] [stderr]     Checking socket2 v0.4.1
[INFO] [stderr]     Checking termios v0.3.3
[INFO] [stderr]     Checking ordered-float v2.7.0
[INFO] [stderr]     Checking png v0.16.8
[INFO] [stderr]     Checking xi-unicode v0.3.0
[INFO] [stderr]     Checking hex v0.4.3
[INFO] [stderr]     Checking event-listener v2.5.1
[INFO] [stderr]     Checking semver-parser v0.10.2
[INFO] [stderr]     Checking memmem v0.1.1
[INFO] [stderr]     Checking unicode-segmentation v1.8.0
[INFO] [stderr]    Compiling ahash v0.7.4
[INFO] [stderr]     Checking lock_api v0.4.4
[INFO] [stderr]     Checking futures-sink v0.3.16
[INFO] [stderr]     Checking async-task v4.0.3
[INFO] [stderr]     Checking pin-utils v0.1.0
[INFO] [stderr]     Checking async-channel v1.6.1
[INFO] [stderr]    Compiling futures-macro v0.3.16
[INFO] [stderr]     Checking instant v0.1.10
[INFO] [stderr]    Compiling futures-task v0.3.16
[INFO] [stderr]    Compiling openssl-sys v0.9.66
[INFO] [stderr]    Compiling libz-sys v1.1.3
[INFO] [stderr]     Checking atomic-waker v1.0.0
[INFO] [stderr]    Compiling futures-channel v0.3.16
[INFO] [stderr]     Checking regex v1.5.4
[INFO] [stderr]     Checking semver v0.11.0
[INFO] [stderr]    Compiling phf_generator v0.8.0
[INFO] [stderr]     Checking block-buffer v0.9.0
[INFO] [stderr]     Checking digest v0.9.0
[INFO] [stderr]    Compiling phf_codegen v0.8.0
[INFO] [stderr]    Compiling proc-macro-nested v0.1.7
[INFO] [stderr]     Checking sha2 v0.9.5
[INFO] [stderr]     Checking blocking v1.0.2
[INFO] [stderr]     Checking parking_lot_core v0.8.3
[INFO] [stderr]    Compiling futures-util v0.3.16
[INFO] [stderr]    Compiling terminfo v0.7.3
[INFO] [stderr]     Checking hashbrown v0.11.2
[INFO] [stderr]     Checking parking_lot v0.11.1
[INFO] [stderr]     Checking async-executor v1.4.1
[INFO] [stderr]     Checking async-lock v2.4.0
[INFO] [stderr]    Compiling libssh2-sys v0.2.21 (https://github.com/wez/ssh2-rs.git?branch=win32ssl#c6506704)
[INFO] [stderr]    Compiling signal-hook v0.3.9
[INFO] [stderr]     Checking termios v0.2.2
[INFO] [stderr]     Checking serial-core v0.4.0
[INFO] [stderr]     Checking ioctl-rs v0.1.6
[INFO] [stderr]     Checking regex-automata v0.1.10
[INFO] [stderr]    Compiling ryu v1.0.5
[INFO] [stderr]     Checking async-fs v1.5.0
[INFO] [stderr]    Compiling lua-src v543.0.0
[INFO] [stderr]    Compiling luajit-src v210.2.0+resty5f13855
[INFO] [stderr]     Checking serial-unix v0.4.0
[INFO] [stderr]     Checking serial v0.4.0
[INFO] [stderr]     Checking tinyvec_macros v0.1.0
[INFO] [stderr]     Checking shell-words v1.0.0
[INFO] [stderr]     Checking same-file v1.0.6
[INFO] [stderr]     Checking matches v0.1.9
[INFO] [stderr]     Checking tinyvec v1.3.1
[INFO] [stderr]     Checking bstr v0.1.4
[INFO] [stderr]     Checking walkdir v2.3.2
[INFO] [stderr]    Compiling palette v0.5.0
[INFO] [stderr]     Checking async-mutex v1.4.0
[INFO] [stderr]    Compiling mlua v0.5.4
[INFO] [stderr]     Checking dirs-sys-next v0.1.2
[INFO] [stderr]     Checking unicode-bidi v0.3.6
[INFO] [stderr]    Compiling serde_json v1.0.66
[INFO] [stderr]     Checking percent-encoding v2.1.0
[INFO] [stderr]     Checking dirs-next v2.0.0
[INFO] [stderr]     Checking bstr v0.2.16
[INFO] [stderr]     Checking spinning_top v0.2.4
[INFO] [stderr]     Checking nanorand v0.6.1
[INFO] [stderr]     Checking iovec v0.1.4
[INFO] [stderr]     Checking form_urlencoded v1.0.1
[INFO] [stderr]     Checking net2 v0.2.37
[INFO] [stderr]     Checking time v0.1.43
[INFO] [stderr]     Checking approx v0.3.2
[INFO] [stderr]     Checking euclid v0.22.6
[INFO] [stderr]    Compiling semver-parser v0.7.0
[INFO] [stderr]     Checking pure-rust-locales v0.5.6
[INFO] [stderr]     Checking lazycell v1.3.0
[INFO] [stderr]     Checking itoa v0.4.8
[INFO] [stderr]     Checking lru v0.6.6
[INFO] [stderr]     Checking inotify-sys v0.1.5
[INFO] [stderr]     Checking strsim v0.10.0
[INFO] [stderr]     Checking filenamegen v0.2.4
[INFO] [stderr]    Compiling battery v0.7.8
[INFO] [stderr]    Compiling semver v0.9.0
[INFO] [stderr]     Checking inotify v0.7.1
[INFO] [stderr]     Checking uom v0.30.0
[INFO] [stderr]     Checking filetime v0.2.15
[INFO] [stderr]    Compiling maybe-uninit v2.0.0
[INFO] [stderr]    Compiling config v0.1.0 (/opt/rustwide/workdir/config)
[INFO] [stderr]     Checking match_cfg v0.1.0
[INFO] [stderr]    Compiling openssl v0.10.36
[INFO] [stderr]     Checking foreign-types-shared v0.1.1
[INFO] [stderr]    Compiling rustc_version v0.2.3
[INFO] [stderr]     Checking hostname v0.3.1
[INFO] [stderr]     Checking foreign-types v0.3.2
[INFO] [stderr]     Checking umask v0.1.0 (/opt/rustwide/workdir/umask)
[INFO] [stderr]     Checking atty v0.2.14
[INFO] [stderr]     Checking termcolor v1.1.2
[INFO] [stderr]     Checking ansi_term v0.11.0
[INFO] [stderr]     Checking unicode-normalization v0.1.19
[INFO] [stderr]    Compiling maplit v1.0.2
[INFO] [stderr]     Checking downcast-rs v1.2.0
[INFO] [stderr]     Checking lock_api v0.3.4
[INFO] [stderr]     Checking smallvec v0.6.14
[INFO] [stderr]    Compiling parking_lot_core v0.6.2
[INFO] [stderr]    Compiling parking_lot v0.9.0
[INFO] [stderr]     Checking hashbrown v0.5.0
[INFO] [stderr]     Checking jpeg-decoder v0.1.22
[INFO] [stderr]     Checking num-complex v0.3.1
[INFO] [stderr]    Compiling doc-comment v0.3.3
[INFO] [stderr]     Checking nonzero_ext v0.1.5
[INFO] [stderr]    Compiling crossbeam-queue v0.3.2
[INFO] [stderr]    Compiling sysinfo v0.16.5
[INFO] [stderr]    Compiling metrics v0.17.0
[INFO] [stderr]     Checking evmap v6.0.1
[INFO] [stderr]    Compiling xml-rs v0.8.4
[INFO] [stderr]     Checking leb128 v0.2.4
[INFO] [stderr]    Compiling async-trait v0.1.51
[INFO] [stderr]     Checking num v0.3.1
[INFO] [stderr]     Checking tiff v0.6.1
[INFO] [stderr]     Checking ratelimit_meter v5.0.0
[INFO] [stderr]     Checking libloading v0.7.0
[INFO] [stderr]     Checking smawk v0.3.1
[INFO] [stderr]    Compiling pest_meta v2.1.3
[INFO] [stderr]     Checking crossbeam v0.8.1
[INFO] [stderr]     Checking rangeset v0.1.0 (/opt/rustwide/workdir/rangeset)
[INFO] [stderr]     Checking idna v0.2.3
[INFO] [stderr]     Checking bintree v0.1.0 (/opt/rustwide/workdir/bintree)
[INFO] [stderr]     Checking quick-error v1.2.3
[INFO] [stderr]    Compiling zstd-sys v1.4.20+zstd.1.4.9
[INFO] [stderr]     Checking humantime v1.3.0
[INFO] [stderr]    Compiling proc-macro-error-attr v1.0.4
[INFO] [stderr]    Compiling proc-macro-error v1.0.4
[INFO] [stderr]     Checking scoped-tls v1.0.0
[INFO] [stderr]    Compiling wayland-scanner v0.28.6
[INFO] [stderr]     Checking static_assertions v1.1.0
[INFO] [stderr]    Compiling zstd-safe v3.0.1+zstd.1.4.9
[INFO] [stderr]     Checking url v2.2.2
[INFO] [stderr]     Checking image v0.23.14
[INFO] [stderr]    Compiling freetype v0.1.0 (/opt/rustwide/workdir/deps/freetype)
[INFO] [stderr]    Compiling wayland-sys v0.28.6
[INFO] [stderr]    Compiling heck v0.3.3
[INFO] [stderr]    Compiling indexmap v1.7.0
[INFO] [stderr]     Checking textwrap v0.11.0
[INFO] [stderr]    Compiling khronos_api v3.1.0
[INFO] [stderr]     Checking vec_map v0.8.2
[INFO] [stderr]     Checking arrayvec v0.5.2
[INFO] [stderr]     Checking strsim v0.8.0
[INFO] [stderr]     Checking chrono v0.4.19
[INFO] [stderr]    Compiling pest_generator v2.1.3
[INFO] [stderr]     Checking clap v2.33.3
[INFO] [stderr]     Checking dlib v0.5.0
[INFO] [stderr]     Checking difference v2.0.0
[INFO] [stderr]    Compiling nix v0.17.0
[INFO] [stderr]     Checking async_ossl v0.1.0 (/opt/rustwide/workdir/async_ossl)
[INFO] [stderr]     Checking pretty_assertions v0.6.1
[INFO] [stderr]     Checking raw-window-handle v0.3.3
[INFO] [stderr]     Checking nix v0.20.0
[INFO] [stderr]    Compiling x11 v2.18.2
[INFO] [stderr]    Compiling drm-fourcc v2.1.1
[INFO] [stderr]     Checking void v1.0.2
[INFO] [stderr]    Compiling wayland-client v0.28.6
[INFO] [stderr]    Compiling minimal-lexical v0.1.2
[INFO] [stderr]     Checking fixedbitset v0.2.0
[INFO] [stderr]     Checking petgraph v0.5.1
[INFO] [stderr]    Compiling gl_generator v0.14.0
[INFO] [stderr]    Compiling harfbuzz v0.1.0 (/opt/rustwide/workdir/deps/harfbuzz)
[INFO] [stderr]     Checking nb-connect v1.2.0
[INFO] [stderr]    Compiling xcb v0.9.0
[INFO] [stderr]    Compiling fontconfig v0.1.0 (/opt/rustwide/workdir/deps/fontconfig)
[INFO] [stderr]    Compiling nom v7.0.0
[INFO] [stderr] error: could not compile `uom` (lib)
[INFO] [stderr] 
[INFO] [stderr] Caused by:
[INFO] [stderr]   process didn't exit successfully: `/opt/rustwide/rustup-home/toolchains/9610dfe5a9a731ced1ea4923ecbd0c57fe367898/bin/rustc --crate-name uom --edition=2018 /opt/rustwide/cargo-home/registry/src/index.crates.io-6f17d22bba15001f/uom-0.30.0/src/lib.rs --error-format=json --json=diagnostic-rendered-ansi,artifacts,future-incompat --crate-type lib --emit=dep-info,metadata -C embed-bitcode=no -C split-debuginfo=unpacked -C debuginfo=2 --cfg 'feature="autoconvert"' --cfg 'feature="default"' --cfg 'feature="f32"' --cfg 'feature="f64"' --cfg 'feature="si"' --cfg 'feature="std"' -C metadata=bcf851207465fc74 -C extra-filename=-bcf851207465fc74 --out-dir /opt/rustwide/target/debug/deps -L dependency=/opt/rustwide/target/debug/deps --extern num_traits=/opt/rustwide/target/debug/deps/libnum_traits-8f46379e1a722f69.rmeta --extern typenum=/opt/rustwide/target/debug/deps/libtypenum-d049c35e4543a3a5.rmeta --cap-lints allow --cap-lints=forbid` (signal: 9, SIGKILL: kill)
[INFO] [stderr] warning: build failed, waiting for other jobs to finish...
[INFO] [stderr] The following warnings were emitted during compilation:
[INFO] [stderr] 
[INFO] [stderr] warning: cc1: fatal error: zlib/adler32.c: No such file or directory
[INFO] [stderr] warning: compilation terminated.
[INFO] [stderr] warning: cc1: fatal error: zlib/compress.c: No such file or directory
[INFO] [stderr] warning: compilation terminated.
[INFO] [stderr] 
[INFO] [stderr] error: failed to run custom build command for `freetype v0.1.0 (/opt/rustwide/workdir/deps/freetype)`
[INFO] [stderr] note: To improve backtraces for build dependencies, set the CARGO_PROFILE_DEV_BUILD_OVERRIDE_DEBUG=true environment variable to enable debug information generation.
[INFO] [stderr] 
[INFO] [stderr] Caused by:
[INFO] [stderr]   process didn't exit successfully: `/opt/rustwide/target/debug/build/freetype-2251ce91d9598241/build-script-build` (exit status: 1)
[INFO] [stderr]   --- stdout
[INFO] [stderr]   TARGET = Some("x86_64-unknown-linux-gnu")
[INFO] [stderr]   OPT_LEVEL = Some("0")
[INFO] [stderr]   HOST = Some("x86_64-unknown-linux-gnu")
[INFO] [stderr]   CC_x86_64-unknown-linux-gnu = None
[INFO] [stderr]   CC_x86_64_unknown_linux_gnu = None
[INFO] [stderr]   HOST_CC = None
[INFO] [stderr]   CC = None
[INFO] [stderr]   CFLAGS_x86_64-unknown-linux-gnu = None
[INFO] [stderr]   CFLAGS_x86_64_unknown_linux_gnu = None
[INFO] [stderr]   HOST_CFLAGS = None
[INFO] [stderr]   CFLAGS = None
[INFO] [stderr]   CRATE_CC_NO_DEFAULTS = None
[INFO] [stderr]   DEBUG = Some("true")
[INFO] [stderr]   CARGO_CFG_TARGET_FEATURE = Some("fxsr,sse,sse2")
[INFO] [stderr]   CC_x86_64-unknown-linux-gnu = None
[INFO] [stderr]   CC_x86_64_unknown_linux_gnu = None
[INFO] [stderr]   HOST_CC = None
[INFO] [stderr]   CC = None
[INFO] [stderr]   CFLAGS_x86_64-unknown-linux-gnu = None
[INFO] [stderr]   CFLAGS_x86_64_unknown_linux_gnu = None
[INFO] [stderr]   HOST_CFLAGS = None
[INFO] [stderr]   CFLAGS = None
[INFO] [stderr]   CRATE_CC_NO_DEFAULTS = None
[INFO] [stderr]   CARGO_CFG_TARGET_FEATURE = Some("fxsr,sse,sse2")
[INFO] [stderr]   running: "cc" "-O0" "-ffunction-sections" "-fdata-sections" "-fPIC" "-g" "-fno-omit-frame-pointer" "-m64" "-I" "zlib" "-fno-stack-check" "-DHAVE_SYS_TYPES_H" "-DHAVE_STDINT_H" "-DHAVE_STDDEF_H" "-D_LARGEFILE64_SOURCE=1" "-o" "/opt/rustwide/target/debug/build/freetype-67e6734b7cf5c748/out/zlib-build/zlib/adler32.o" "-c" "zlib/adler32.c"
[INFO] [stderr]   cargo:warning=cc1: fatal error: zlib/adler32.c: No such file or directory
[INFO] [stderr]   cargo:warning=compilation terminated.
[INFO] [stderr]   exit status: 1
[INFO] [stderr]   running: "cc" "-O0" "-ffunction-sections" "-fdata-sections" "-fPIC" "-g" "-fno-omit-frame-pointer" "-m64" "-I" "zlib" "-fno-stack-check" "-DHAVE_SYS_TYPES_H" "-DHAVE_STDINT_H" "-DHAVE_STDDEF_H" "-D_LARGEFILE64_SOURCE=1" "-o" "/opt/rustwide/target/debug/build/freetype-67e6734b7cf5c748/out/zlib-build/zlib/compress.o" "-c" "zlib/compress.c"
[INFO] [stderr]   cargo:warning=cc1: fatal error: zlib/compress.c: No such file or directory
[INFO] [stderr]   cargo:warning=compilation terminated.
[INFO] [stderr]   exit status: 1
[INFO] [stderr] 
[INFO] [stderr]   --- stderr
[INFO] [stderr]   error: could not lock config file .git/config: Read-only file system
[INFO] [stderr]   error: could not lock config file .git/config: Read-only file system
[INFO] [stderr]   fatal: Failed to register url for submodule path 'freetype2'
[INFO] [stderr] 
[INFO] [stderr] 
[INFO] [stderr]   error occurred: Command "cc" "-O0" "-ffunction-sections" "-fdata-sections" "-fPIC" "-g" "-fno-omit-frame-pointer" "-m64" "-I" "zlib" "-fno-stack-check" "-DHAVE_SYS_TYPES_H" "-DHAVE_STDINT_H" "-DHAVE_STDDEF_H" "-D_LARGEFILE64_SOURCE=1" "-o" "/opt/rustwide/target/debug/build/freetype-67e6734b7cf5c748/out/zlib-build/zlib/adler32.o" "-c" "zlib/adler32.c" with args "cc" did not execute successfully (status code exit status: 1).
[INFO] [stderr] 
[INFO] [stderr] 
[INFO] running `Command { std: "docker" "inspect" "71ea6e4ae3665ca775ca7b8ed1f97bb6912a221518d012fa6bdeec68c4d07c4c", kill_on_drop: false }`
[INFO] running `Command { std: "docker" "rm" "-f" "71ea6e4ae3665ca775ca7b8ed1f97bb6912a221518d012fa6bdeec68c4d07c4c", kill_on_drop: false }`
[INFO] [stdout] 71ea6e4ae3665ca775ca7b8ed1f97bb6912a221518d012fa6bdeec68c4d07c4c
